 6, what is -24145 - -222?
-23523
In base 15, what is -8 - 167c5?
-167cd
In base 14, what is -38d + -698?
-a47
In base 4, what is -31132013 - 211?
-31132230
In base 5, what is 34 - -1113243?
1113332
In base 14, what is -18a5b - 5?
-18a62
In base 16, what is 10d6c1 - 4?
10d6bd
In base 5, what is 1 - -424233?
424234
In base 9, what is -621 + 773?
152
In base 2, what is -10111100 - 101010110?
-1000010010
In base 2, what is -1001 + -1001011011111?
-1001011101000
In base 6, what is 2 + 104223?
104225
In base 4, what is 1 + 1032330100?
1032330101
In base 14, what is -110060 - -1?
-11005d
In base 11, what is 2 + -35169?
-35167
In base 14, what is 1 + 432c5?
432c6
In base 13, what is -1159 - -67?
-10c2
In base 7, what is -43 + 5111?
5035
In base 12, what is -2 - 8651?
-8653
In base 13, what is 58 - -205?
260
In base 14, what is 14d + 23c?
38b
In base 6, what is 1 - 35343413?
-35343412
In base 4, what is 203220 + 0?
203220
In base 7, what is -13 + -11324?
-11340
In base 2, what is 110100000011 - 100?
110011111111
In base 14, what is -4b - -837?
7ca
In base 6, what is 3152500 + -4?
3152452
In base 11, what is -927 - -50?
-887
In base 8, what is -27 - 3516?
-3545
In base 13, what is -34196 + -3?
-34199
In base 6, what is -14453403 + -3?
-14453410
In base 11, what is -4 + 212a4?
212a0
In base 12, what is bb6 + -847?
36b
In base 2, what is 111001010100101 + -111100?
111001001101001
In base 16, what is -f0 + -88f?
-97f
In base 11, what is 5073 + -5?
5069
In base 11, what is 1 + 1575?
1576
In base 10, what is 51 - -1137?
1188
In base 16, what is d3 + -38a?
-2b7
In base 16, what is 2 - -1e1e2?
1e1e4
In base 15, what is -47351 + 5?
-4734b
In base 12, what is 1 - -2104?
2105
In base 15, what is -45 - 142e?
-1474
In base 11, what is -6140 + 61?
-608a
In base 9, what is 5685 - 25?
5660
In base 13, what is -5 + -3239b4?
-3239b9
In base 2, what is 1001 - -1011111011100110?
1011111011101111
In base 15, what is 0 + -3ac?
-3ac
In base 12, what is 8131 - -28?
8159
In base 3, what is -1010022222222 + -2?
-1010100000001
In base 12, what is -11 - -11a325?
11a314
In base 9, what is -814 + -1311?
-2225
In base 8, what is -112 + -15535?
-15647
In base 8, what is -7466537 + -1?
-7466540
In base 16, what is 2 + 9d7?
9d9
In base 12, what is -1 - -6b1a?
6b19
In base 5, what is 1 - -101134332?
101134333
In base 4, what is -21 - 10100130?
-10100211
In base 10, what is 5934943 - -3?
5934946
In base 12, what is 1379 + -9?
1370
In base 4, what is -1010110131 + 11?
-1010110120
In base 13, what is 1b96b - -17?
1b985
In base 8, what is 1153 - 4?
1147
In base 13, what is -43285 + 4?
-43281
In base 11, what is 1721 + 147?
1868
In base 3, what is 20221012 + 1?
20221020
In base 2, what is 10100010011010001 - -110?
10100010011010111
In base 6, what is -51551 + -15?
-52010
In base 10, what is 1 - 16820?
-16819
In base 13, what is 186a + 188?
1a25
In base 10, what is 282922 - -18?
282940
In base 16, what is 3 + 4c807?
4c80a
In base 15, what is -5 - -6b162?
6b15c
In base 14, what is 10 + -3744?
-3734
In base 8, what is 40 + -3175?
-3135
In base 3, what is -112220122 - 1221?
-112222120
In base 15, what is 4 - 5676?
-5672
In base 11, what is a94 - -35?
1019
In base 5, what is 14 - 2141213?
-2141144
In base 11, what is -87991 + -12?
-879a3
In base 5, what is 14 + -242023?
-242004
In base 6, what is -104 - -30?
-34
In base 8, what is 51046 - 11?
51035
In base 14, what is c1b2 + -3?
c1ad
In base 16, what is -4 + 2199a?
21996
In base 10, what is 1 - -89215?
89216
In base 16, what is 12c6 + 15f?
1425
In base 11, what is -2 - -2818?
2816
In base 4, what is 212132 + -1103?
211023
In base 15, what is 45 + 8?
4d
In base 13, what is 7a43 + 38?
7a7b
In base 11, what is 5 + -31a1?
-3197
In base 9, what is 1 + 5327?
5328
In base 13, what is 3 + 1c49?
1c4c
In base 15, what is -3290 - 9?
-3299
In base 7, what is -5 - -4311?
4303
In base 12, what is 9 - -95a?
967
In base 15, what is -6 + 2333?
232c
In base 7, what is -253614 + 1?
-253613
In base 5, what is 2312234 + -20?
2312214
In base 7, what is 33214 - -16?
33233
In base 8, what is -5055 + -3?
-5060
In base 7, what is -16554 - 50?
-16634
In base 2, what is -100 + 110101010001011011?
110101010001010111
In base 16, what is -1b9a42 - -3?
-1b9a3f
In base 15, what is -4 + ea?
e6
In base 16, what is 4 + cc?
d0
In base 5, what is -13 + -1212003?
-1212021
In base 5, what is 4 - -223103?
223112
In base 14, what is a3ab9 - -3?
a3abc
In base 9, what is -2033 + -27?
-2061
In base 4, what is -1 - 33200233?
-33200300
In base 16, what is -21c3 + 3?
-21c0
In base 5, what is -41231 - 20?
-41301
In base 16, what is -1 - -2310c?
2310b
In base 2, what is 1000011 - 1001110010?
-1000101111
In base 13, what is 336c - 0?
336c
In base 11, what is -564627 + 3?
-564624
In base 11, what is -8 - 3691?
-3699
In base 3, what is 121 - -1102?
2000
In base 16, what is 6 - 37b0?
-37aa
In base 2, what is 100100111110011001 + 0?
100100111110011001
In base 14, what is 2 - -4ccc?
4cd0
In base 16, what is -28 + 2aa3?
2a7b
In base 15, what is -1cc3 - 25?
-1ce8
In base 10, what is 21 - 59392?
-59371
In base 15, what is -31 - -332a?
32e9
In base 6, what is -43305 + -21?
-43330
In base 15, what is -173a + -12?
-174c
In base 12, what is -4a5 - 183?
-668
In base 5, what is -2003 + 44222?
42214
In base 7, what is 25363 - -44?
25440
In base 10, what is 16403 + 3?
16406
In base 2, what is -101 - -110000011110011?
110000011101110
In base 14, what is 5 + -16a6a?
-16a65
In base 10, what is 484 + 7774?
8258
In base 7, what is 23660 + 11?
24001
In base 9, what is 1 + 2418?
2420
In base 12, what is -120 - 168a?
-17aa
In base 4, what is -3230311 + 30?
-3230221
In base 6, what is 13020 + 241?
13301
In base 6, what is 102222 + -133?
102045
In base 6, what is 33 + 5100?
5133
In base 7, what is -3 + 416461?
416455
In base 4, what is -1001330 - 23?
-1002013
In base 12, what is 0 + -134612?
-134612
In base 12, what is -90 - -294?
204
In base 4, what is 31211 - -220?
32031
In base 2, what is -1010101000110 + -1101?
-1010101010011
In base 8, what is 211 - -31011?
31222
In base 16, what is -7ee6 - 3?
-7ee9
In base 12, what is 3 + -69a36?
-69a33
In base 12, what is 6 + 4bb8?
5002
In base 10, what is 14 - -17102?
17116
In base 12, what is 239 + 92?
30b
In base 14, what is 5 + -5710?
-5709
In base 3, what is 12021121111210 + 10?
12021121111220
In base 8, what is 625 - 200?
425
In base 10, what is -1 - 7255?
-7256
In base 11, what is 1a - -6147?
6166
In base 10, what is 3065 + 7?
3072
In base 5, what is -244024434 + -10?
-244024444
In base 12, what is -1a23 + -2?
-1a25
In base 10, what is -93 - 128?
-221
In base 6, what is -25 - -345124?
345055
In base 8, what is 274 + 1406?
1702
In base 6, what is -2535 + 213?
-2322
In base 14, what is -6a27 - 1a?
-6a43
In base 11, what is 41a49 + -1?
41a48
In base 16, what is 176d6 - -2c?
17702
In base 3, what is 2 + 1221110211?
1221110220
In base 2, what is -11010 + -10011010?
-10110100
In base 10, what is -397595 + -1?
-397596
In base 12, what is 6 + -26a11?
-26a07
In base 3, what is 12022 - -110100112?
110112211
In base 3, what is 212020221 - -11?
212021002
In base 12, what is -5b8127 - 2?
-5b8129
In base 8, what is -542705 + -4?
-542711
In base 8, what is 36 + -27024?
-26766
In base 7, what is 14145 + 131?
14306
In base 4, what is 1311023 + -22303?
1222120
In base 10, what is 4 - 68563?
-68559
In base 14, what is 14 + -c91b?
-c907
In base 6, what is -11 - 1545340?
-1545351
In base 5, what is -1331 - 10134?
-12020
In base 8, what is -3 + 66024?
66021
In base 9, what is 230618 - -7?
230626
In base 16, what is 197 + 144d?
15e4
In base 10, what is 80 - -11?
91
In base 11, what is -747a - -83?
-73a7
In base 4, what is 10 - 1021311?
-1021301
In base 6, what is 2221 - 152?
2025
In base 6, what is 14 + -1450?
-1432
In base 8, what is -20 - 1711?
-1731
In base 12, what is -178 - -281?
105
In base 7, what is 561 - -15013?
15604
In base 11, what is -4046 + 73?
-3a83
In base 10, what is -65660 + 2?
-65658
In base 10, what is 1064 - 42?
1022
In base 15, what is -85ee7 - -5?
-85ee2
In base 5, what is 134042 + 1?
134043
In base 4, what is -11 + 11102110?
11102033
In base 9, what is 1245 - -6554?
7810
In base 10, what is 1 - 109117?
-109116
In base 11, what is 42338 - 4?
42334
In base 3, what is -1